101001111111100 + -100?
1101001111111000
In base 14, what is 477323 + 2?
477325
In base 7, what is -465511 + 41?
-465440
In base 3, what is -22111211000 + -1?
-22111211001
In base 6, what is 141 - -2153?
2334
In base 9, what is -27 + 28527?
28500
In base 9, what is -561 + 631?
60
In base 11, what is -39942 + 54?
-39899
In base 16, what is -1 - 19536?
-19537
In base 16, what is 0 + -8c3f?
-8c3f
In base 12, what is -20508 + -26?
-20532
In base 7, what is -43311031 + 5?
-43311023
In base 11, what is 24 + -104746?
-104722
In base 2, what is 11010010011101010 - 11?
11010010011100111
In base 14, what is 1a3907 - -4?
1a390b
In base 4, what is 230221 + 11120?
302001
In base 9, what is 33008 - -76?
33085
In base 14, what is -976 - -26?
-950
In base 15, what is 56 + e01?
e57
In base 13, what is -4 - c4a1?
-c4a5
In base 8, what is -144277 + -6?
-144305
In base 15, what is -4d05d + 5?
-4d058
In base 3, what is 200012 + -122201?
111
In base 15, what is -ae3ba - 3?
-ae3bd
In base 8, what is -137770 + -14?
-140004
In base 15, what is a8 - 75b?
-6a3
In base 4, what is 3 - -11330?
11333
In base 4, what is 1021301 - 123?
1021112
In base 6, what is 0 - 2220312?
-2220312
In base 4, what is -1000 - 3103?
-10103
In base 15, what is 2a - 1b256?
-1b22b
In base 16, what is 1 - 2aa0?
-2a9f
In base 3, what is -220200 + 110?
-220020
In base 3, what is 20 - 1202201?
-1202111
In base 9, what is 1 - 1434888?
-1434887
In base 16, what is -1ea + d1?
-119
In base 12, what is 3 + 19a880?
19a883
In base 14, what is 86 - 9d2?
-94a
In base 14, what is 3 + -9588?
-9585
In base 15, what is 2 + 3a40?
3a42
In base 3, what is 20 - 10212111122?
-10212111102
In base 2, what is 1011000011100100101 - -10?
1011000011100100111
In base 13, what is 1ca5 + -1?
1ca4
In base 3, what is 2021212 - -202?
2022121
In base 13, what is 11585 - 4?
11581
In base 10, what is -12191 + -20?
-12211
In base 6, what is -252412 - 22?
-252434
In base 11, what is 1794 + -11?
1783
In base 11, what is -7768 + -51?
-7809
In base 15, what is 86a + 5?
870
In base 4, what is 2 + -11312332?
-11312330
In base 16, what is -1c37 + -4?
-1c3b
In base 8, what is 114702 + 4?
114706
In base 12, what is 14876 + 2?
14878
In base 9, what is -3 + 1261?
1257
In base 10, what is 8 - 7383?
-7375
In base 16, what is -b - -24015?
2400a
In base 4, what is -13 - -1101231000?
1101230321
In base 11, what is 2a3 - 755?
-462
In base 16, what is -295a + 4?
-2956
In base 3, what is -201001112 - 12?
-201001201
In base 9, what is 5065 + -1833?
3132
In base 9, what is 3 + -14885?
-14882
In base 13, what is 51b7 - -6b?
5255
In base 10, what is -39 + -10639?
-10678
In base 5, what is -10 + 10312400?
10312340
In base 15, what is 18db44 + 2?
18db46
In base 16, what is -3a + 574?
53a
In base 6, what is -5352544 - -1?
-5352543
In base 10, what is 50612 - -4?
50616
In base 16, what is -63ba + 0?
-63ba
In base 10, what is -2 + 427427?
427425
In base 7, what is 234121 + 6?
234130
In base 13, what is 143 - -5689?
57cc
In base 2, what is 10001 + -10000000010?
-1111110001
In base 16, what is -ba8d + 7?
-ba86
In base 5, what is -1110420 - 10?
-1110430
In base 16, what is -a0 - -24?
-7c
In base 5, what is -1332 + 12300?
10413
In base 10, what is 16141 - 5?
16136
In base 13, what is 385 + -132?
253
In base 4, what is -20011032132 - 2?
-20011032200
In base 6, what is 410 - 323?
43
In base 15, what is 2 + 262?
264
In base 6, what is 2 + -130422?
-130420
In base 10, what is -102 + -10364?
-10466
In base 10, what is 31 + -397?
-366
In base 3, what is 21100222 - -1?
21101000
In base 6, what is -45 - -133511?
133422
In base 15, what is 4617 + -1db?
442b
In base 2, what is -10 - -110101001111011101011?
110101001111011101001
In base 14, what is a - -433?
43d
In base 10, what is 23506 - 7?
23499
In base 10, what is 9 + -46110?
-46101
In base 12, what is -539a3 + -3?
-539a6
In base 8, what is 5 - -61336?
61343
In base 9, what is -13518 - 25?
-13544
In base 9, what is 17 - -87?
115
In base 11, what is -4a3844 + 0?
-4a3844
In base 9, what is 26 + 22717?
22744
In base 7, what is 5 + 12503165?
12503203
In base 12, what is -34 + -3426?
-345a
In base 16, what is 20b - -680?
88b
In base 3, what is 121111022001 - 12?
121111021212
In base 3, what is 12 - 100101212?
-100101200
In base 12, what is 10 - 1b000?
-1abb0
In base 7, what is -433221 - 1?
-433222
In base 16, what is -ac7 + -2c?
-af3
In base 9, what is -2 - -75?
73
In base 3, what is 1101 + 2120212120?
2120220221
In base 10, what is -8713 - 46?
-8759
In base 7, what is 220 - -3661?
4211
In base 5, what is -233 + -141340?
-142123
In base 10, what is -1544 - -396?
-1148
In base 5, what is 34110 + -3141?
30414
In base 8, what is -334 + -746?
-1302
In base 14, what is b24 - -1?
b25
In base 2, what is 1100010000100000 - 1?
1100010000011111
In base 7, what is -2223166 - -5?
-2223161
In base 10, what is -7 - -4340?
4333
In base 7, what is 3504 - 323?
3151
In base 6, what is -2 - 410410?
-410412
In base 5, what is 34 - 23312?
-23223
In base 3, what is -111 + -2220211?
-2221022
In base 10, what is 29 + -26488?
-26459
In base 14, what is -1630 - -3?
-162b
In base 3, what is 12 + 11122012?
11122101
In base 3, what is 12 - 1001200202222?
-1001200202210
In base 15, what is -1546 - 2?
-1548
In base 2, what is 100000010 - 11100010111?
-11000010101
In base 3, what is 101111 - 20112?
10222
In base 9, what is 1710 - -1302?
3112
In base 5, what is -2 + -211044101?
-211044103
In base 8, what is 22 - -13126?
13150
In base 9, what is 55 + -217784?
-217728
In base 13, what is 5 + -b1b2?
-b1aa
In base 7, what is 30230 + -52?
30145
In base 15, what is -14455 + b?
-14449
In base 10, what is 3 + 22495?
22498
In base 3, what is 2012 + 10021022?
10100111
In base 11, what is 53a - -7a4?
1233
In base 15, what is 1036 + 4d8?
151e
In base 10, what is 1235 + -53?
1182
In base 6, what is -5 - 3144335?
-3144344
In base 12, what is -5 + -1b7280?
-1b7285
In base 10, what is 687 - 711?
-24
In base 14, what is 30c632 + 1?
30c633
In base 14, what is a + 44dd?
4509
In base 6, what is 143202 + -40?
143122
In base 14, what is -1 + -90b2?
-90b3
In base 9, what is -160 + -252?
-422
In base 6, what is -10235 + -113?
-10352
In base 10, what is -16571 - 225?
-16796
In base 7, what is -5 + 1543540?
1543532
In base 14, what is 4d3 + 19?
50c
In base 16, what is -313 - 145?
-458
In base 6, what is -1025125 - -1?
-1025124
In base 8, what is 57025 - -4?
57031
In base 3, what is -10212211 + -11212?
-11001200
In base 9, what is -1025 - 72?
-1107
In base 7, what is 2644 - 134?
2510
In base 15, what is 49e32 + -1?
49e31
In base 15, what is 4 - 611ca?
-611c6
In base 14, what is 1 - -73bd?
73c0
In base 2, what is -1101001 - 111011111?
-1001001000
In base 15, what is -9d76 - 2?
-9d78
In base 7, what is -3006352 - 1?
-3006353
In base 11, what is 274224 - 3?
274221
In base 16, what is 9a1ab + 4?
9a1af
In base 11, what is -6011 - -6?
-6006
In base 12, what is -151 - -3605?
3474
In base 9, what is -2666 + 7?
-2658
In base 5, what is 4 - -2211?
2220
In base 11, what is -47 - -8?
-3a
In base 3, what is -120 - 1012212020?
-1012212210
In base 14, what is a61 + -12?
a4d
In base 13, what is 2c - 1bcc7?
-1bc98
In base 8, what is 11312 + -15?
11275
In base 9, what is -5 + -31586?
-31602
In base 5, what is -444334 - 0?
-444334
In base 8, what is 2120 - 6?
2112
In base 16, what is 4dcd - 5?
4dc8
In base 7, what is -24143 - -3?
-24140
In base 11, what is -28 + -4452?
-447a
In base 14, what is -1 + -322?
-323
In base 3, what is 2120200 - 112020?
2001110
In base 16, what is -122a + 276?
-fb4
In base 7, what is 120 + 4454?
4604
In base 6, what is -441 - -45234?
44353
In base 13, what is -3 - a2924?
-a2927
In base 3, what is -11 + 22111101?
22111020
In base 5, what is -11 - 20221201?
-20221212
In base 6, what is -34 + 205132?
205054
In base 11, what is -9 + 33751?
33743
In base 4, what is 323 + 10300330?
10301313
In base 14, what is -10d - 5a1?
-6b0
In base 11, what is 441 - -27a?
710
In base 13, what is 5 - c9013?
-c900b
In base 7, what is 4 - -1464414?
1464421
In base 6, what is 3 + -454352?
-454345
In base 6, what is 3410 + -105?
3301
In base 5, what is -4020241 + -10?
-4020301
In base 2, what is -100101100000001100110 - -11?
-100101100000001100011
In base 10, what is -269 + -149?
-418
In base 15,